 z = 572 - 287. Suppose 0 = 4*i - 147 - z. What is the tens digit of i?
0
Let m be 1/(-1) - (-114)/12*2. Suppose -4*p + m = 14. What is the units digit of p?
1
Let m = 128 + -82. Suppose -2*r + 22 + m = -2*c, 3*r - 67 = -4*c. Suppose 2*b = 9 + r. What is the units digit of b?
9
Let j(i) = 6*i + 13. Let n(s) = s + 1. Let f(w) = -j(w) + 4*n(w). Let z be f(-6). What is the tens digit of (0/(-3) - z) + 28?
2
What is the hundreds digit of (2 + -4 + -470)/(-1) + -2?
4
Suppose 0 = 3*x - 9, 4*s = 5*x - 32 + 3301. What is the tens digit of s?
2
Suppose -8909 = -11*d + 3785. What is the tens digit of d?
5
Let m(y) = -9*y - 87. What is the hundreds digit of m(-29)?
1
What is the hundreds digit of 2*(-2)/(-8) + (-52767)/(-78)?
6
What is the hundreds digit of (-5)/(-8 - (-9230)/1154)?
8
Suppose -x = -0*x - 34. Suppose 3*b - 5*b = -x. What is the units digit of b?
7
Let z be ((-64)/10)/((-1)/5). Let d = z + -17. Suppose -4*r + q + d = 0, 3*r + 4*q = -r + 40. What is the units digit of r?
5
Suppose -t + 15 - 3 = 2*r, 3*t - 11 = -r. Suppose 27 = r*i - 8. Suppose 4*u + i*d = 2*d + 2, -22 = -4*u + 5*d. What is the units digit of u?
3
Let v(m) = -62*m + 35. What is the tens digit of v(-3)?
2
Let g(w) = -7*w + 5*w - 5 - 3. Let p be g(-5). Suppose b + 43 = f, -p*f + 4*f - 4*b = 76. What is the tens digit of f?
4
What is the units digit of 5 + (1 - (0 + -663))?
9
Let l = -7 - -8. Let z = l + -15. What is the tens digit of 0 + (-3 - 0 - z)?
1
What is the hundreds digit of 25/10*(-1 + 1*97)?
2
Let f(b) = -5*b - 5. Let o be f(-2). Let i = -12 + o. Let j = 9 - i. What is the tens digit of j?
1
Let t = 1291 + -1289. What is the units digit of t?
2
Let q be 16/56 - 4/14. Let v(c) = -c**2 + 3*c + 17. What is the tens digit of v(q)?
1
Suppose -1068 + 4399 = o. What is the hundreds digit of o?
3
Let k = 113 + 619. Suppose -k = 4*x - 10*x. What is the tens digit of x?
2
Let k = -38 + 36. What is the units digit of 60 - 0/(2 - k)?
0
Let w(f) = 4*f**3 - 3*f**2 + 2*f - 2. Suppose 0*l = 5*l - 10. Let j be w(l). Suppose k + 6 = j. What is the tens digit of k?
1
Let u(o) = o**2. Let n be u(0). Suppose n = 5*j + 5 + 10. What is the tens digit of (-130)/j + (-34)/(-51)?
4
Suppose b - 4*m - m = 4, 3*m = -6. What is the tens digit of ((-24)/(-8))/(b/(-110))?
5
Let t(b) = -b**2 - 13*b - 21. Let q be t(-10). Let z = q - 6. Suppose -r = -4*h + 66, 0 = h + z*r - 8 - 2. What is the units digit of h?
6
Suppose 50541 + 13209 = 30*a. What is the thousands digit of a?
2
Suppose 21*q - 1560 = -405. What is the tens digit of q?
5
Let n(s) be the second derivative of -s**3/6 + 15*s**2 + s. Let h be n(17). Let f(o) = 4*o - 28. What is the tens digit of f(h)?
2
Let x be (-305)/(-4) - ((-8)/(-4))/8. What is the hundreds digit of 5/((-50)/(-24))*3990/x?
1
Suppose 3*r + 1220 = 3926. What is the hundreds digit of r?
9
Suppose h - 18 = 2*h. Let f = h + 32. What is the tens digit of f?
1
Let k(o) = -7*o - 47. Let q(j) = 2*j + 12. Let x(l) = -6*k(l) - 22*q(l). What is the units digit of x(-8)?
4
Suppose 3*r = 3*g + 2*g + 8, -3*g - 8 = -5*r. Suppose 0 = -2*y + 9 + r. Suppose -3*p = -y*a - 48, 4*a - 3 - 7 = -2*p. What is the tens digit of p?
1
Suppose 5*b + 540 = c - 1935, -3*c + 7425 = -3*b. What is the units digit of c?
5
Let l = 129 - -828. What is the hundreds digit of l?
9
Let d = 18 + -22. What is the units digit of d/(-10) - -2*633/10?
7
Let w(d) = -d**2 + 2*d + 19. Suppose 3*b - 7 = -1. Suppose n + n = k + b, -2 = -4*n + k. What is the units digit of w(n)?
9
Let s(y) = 66*y**2 + y. Let t(g) = g - 9. Let n be t(8). Let d be s(n). Suppose d = -4*v + 161. What is the tens digit of v?
2
Suppose 9748 = 2*t - w, 86*t + 3*w - 4888 = 85*t. What is the hundreds digit of t?
8
Let b(f) = f**3 - 4*f**2 - 3*f - 2. Let a be b(5). What is the tens digit of (-136)/(-32)*(a + 0)?
3
Suppose 0 = 4*q + 2*b - 3144, -2*q = 2*b + 2*b - 1566. What is the tens digit of q?
8
Let y be (-4 + (2 - -2))/(-1). Suppose -14*j + j + 1924 = y. What is the units digit of j?
8
Let q be -3*(2/6 - 0). Let t = 93 - 60. Let b = t + q. What is the units digit of b?
2
Let m(h) = 8*h**2 - 14*h - 2. Let a be m(6). Let x = a - 142. What is the units digit of x?
0
Suppose 6*m + 1 = 19. Suppose s - 34 = -m*s - 2*o, 40 = 4*s - 4*o. Suppose -2*q + t = -91, -35 = -q + 2*t + s. What is the units digit of q?
6
Let l = 21 + -17. Suppose -270 = y - l*y. Suppose 15 = 5*u, -4*k = 2*u - 0*u - y. What is the units digit of k?
1
Let w(y) be the second derivative of -y**3/6 + y**2/2 + 2*y. What is the units digit of w(-5)?
6
Let g = -114 + 239. Let o = 187 - g. What is the units digit of o?
2
Suppose 2*k + 5*b = 2, 5 = -2*k + 7*k + 4*b. Suppose 0 = n - 109 + k. What is the tens digit of n?
0
Let y(u) = -5*u - 5. Let t be y(-4). Let w be (-42)/t*(-5)/2. Let q(c) = -c**2 + 11*c - 9. What is the tens digit of q(w)?
1
Let x(r) = -2*r + 12. Let b be x(6). Suppose 0 = -b*z + 3*z - 21. Suppose -4*s = -z*s + 96. What is the units digit of s?
2
Let y(l) be the third derivative of 2*l**5/3 + l**4/24 + l**3/3 - 10*l**2. What is the units digit of y(-1)?
1
Suppose 19*l = 13*l + 1098. What is the units digit of l?
3
Let w(h) = h**2 + 4. What is the tens digit of w(-6)?
4
Let j(c) = -c**3 - 4*c**2 + 9*c - 18. Let o be j(-6). Let t(d) = 10*d + 168. What is the hundreds digit of t(o)?
1
What is the units digit of (-593)/((-7)/((-126)/(-6)))?
9
Let d be ((-12)/(-16))/(2/(-16)). Let n = -2 - d. What is the units digit of 22 - (n/4 + 2)?
9
Suppose -20 = 3*m + 2*m. Let l be 2 + 44/(-2) + 0. Let v = m - l. What is the tens digit of v?
1
Suppose 22*u + 14573 = 35*u. What is the hundreds digit of u?
1
Suppose 56*n - 28161 = 35*n. What is the tens digit of n?
4
Let m = -58 + 246. Let f = m - 26. What is the units digit of f?
2
Suppose -2*o + 3*z + 84 = 0, 0 = 3*o - 7*o + 5*z + 164. Suppose 252 = 4*n - c + o, 0 = n - 5*c - 54. What is the tens digit of n?
5
Suppose 0 = 5*n - 2*n. Suppose n = -8*a + 6*a. Suppose z - 3*r = 34, 2*z + a*r - 35 = -5*r. What is the units digit of z?
5
Let x = 29 + -25. Suppose 0 = 4*z + 3*t - 360, -z + x*t + 50 + 21 = 0. What is the units digit of z?
7
Suppose 4*a = k - 638, -3*k + 6*a + 1872 = 8*a. What is the units digit of k?
6
Let x = -25 - -17. What is the units digit of (-34)/3*((-4)/x + -2)?
7
Let g = -45 + 30. Let w be -2*(1 - g/(-6)). Suppose -4*f - w = 5*z - 69, 4*f = -3*z + 62. What is the tens digit of f?
1
Let h = 13 + 0. Let a(q) = q**2 - 24*q + 16. Let s(g) = -4*g**2 + 99*g - 65. Let r(k) = -9*a(k) - 2*s(k). What is the tens digit of r(h)?
5
Suppose -2*x = -4*h + 2492, -28*h + 27*h - 5*x + 645 = 0. What is the hundreds digit of h?
6
What is the thousands digit of 18/2 - (-19305)/11?
1
Suppose -5*x - 7 = -4*x + 3*g, -19 = -2*x + 5*g. Let m be x/(-9) + 232/72. What is the tens digit of (2 - m)*51/(-3)?
1
Let v = 1369 + -868. What is the tens digit of v?
0
Let a = -313 + 850. Let i = a - 313. What is the hundreds digit of i?
2
Suppose 3*x = 3*u - 27, -u + 1 + 2 = -4*x. Suppose -u*b + 16*b = 485. What is the units digit of b?
7
Let a(g) = 39*g + 137. What is the tens digit of a(8)?
4
What is the units digit of (-4)/30*-5*9615/10?
1
Let z = 7345 - 3856. What is the tens digit of z?
8
Suppose 905 = -4*c + 4137. Let g = -552 + c. What is the tens digit of g?
5
Suppose -3*j + 195 = -8*j. Let f = 25 + j. Let x = 19 + f. What is the units digit of x?
5
Let c = 242 - -506. What is the units digit of c?
8
Let m be (2 + (-22)/8)*4. Let r be 5/4 - m/4. Suppose -r*a - 4*s + s + 41 = 0, -a + 5*s = -27. What is the tens digit of a?
2
Suppose -2*q = 3*s - 4451, -s = -4*q - 2*s + 8907. What is the hundreds digit of q?
2
Suppose m = -9*f + 8*f + 3414, -4*f + 10241 = 3*m. What is the hundreds digit of m?
4
Suppose 5*u - 30 = 2*u. Suppose 0*w = w - u. Suppose 2*v - 60 = -w. What is the units digit of v?
5
Let q be 2/(-3) - (-20)/3. Let d = -899 + 873. What is the tens digit of (d/q)/((-12)/108)?
3
Let o(f) = -35*f + 5. What is the hundreds digit of o(-4)?
1
Suppose 12174 = 4*m - 2*x, 3058 = 4*m - 5*x - 9125. What is the thousands digit of m?
3
Let p = -756 - -1389. What is the hundreds digit of p?
6
Suppose -2*p + 7 - 1 = 4*s, p = 4*s - 15. Suppose 5*j - 4*j - 72 = -2*x, 0 = -4*x + 4*j + 156. Suppose -s*f + 119 = -x. What is the units digit of f?
2
Let b(v) 